*b - 5*b + 17 = -l. Is (9/9)/(l/1689) a prime number?
True
Is 39461 - (-5)/((-40)/(-96)) prime?
False
Let t(n) = 4*n - 68. Let g be t(18). Suppose g*m + 3*m - 1246 = 0. Is m a prime number?
False
Suppose 0 = 2*v - 2*s - 8, -5*v - s + 0*s + 2 = 0. Let k be (-2 - 6/12)/(v/(-2)). Suppose -k*b + 10*b = 5855. Is b a composite number?
False
Let t = 46925 + 20760. Is t composite?
True
Let g(s) = -27*s - 241. Let d be g(-9). Suppose 3*f = d*o + 114113, -10358 + 124467 = 3*f - o. Is f a composite number?
True
Let j = -49865 + 80534. Is j a composite number?
True
Suppose 2*f = 3*b - 3, 3*f + 0*f + 11 = -2*b. Is 2646 - (-2)/((-2)/b) a composite number?
False
Suppose 6*w - 10*w = -5*x - 1960736, 2*w - 980378 = 5*x. Is w a composite number?
True
Let x(r) = -16*r + 2*r**3 - 13 - 4*r**3 - 19*r**2 - r**3 + 2*r**3. Let k be x(-17). Is k*(-3 - (0 + -2)) a composite number?
True
Let d(w) be the second derivative of 7*w**4/3 - 4*w**3/3 - 17*w**2/2 - 6*w - 2. Is d(-6) composite?
False
Let j(z) = 45497*z + 7420. Is j(17) composite?
False
Let n(h) = 21 - 2*h - 3*h**3 + 18*h**3 - 14*h**3. Suppose -2*u - 2*u = 0. Is n(u) prime?
False
Let j(c) = 2*c - 6. Let r be j(5). Suppose -3*p - 17 = -m, -5*p + 9*p = -r*m + 20. Is (-103245)/(-20)*m/6 prime?
True
Let a(y) = 3550*y - 5. Let p be a(-12). Is p/2*4*2/(-20) a composite number?
False
Suppose -f - 4*q + 162367 = -87572, 2*q - 999854 = -4*f. Is f prime?
True
Suppose 300 = -31*b + 43*b. Is (-5)/(b/10) + (-38282)/(-2) prime?
True
Is 40233809/616 + 9/24 a composite number?
True
Suppose -2*n - 2*k = 0, 0 = -6*k + 7*k + 2. Suppose -1034 = -3*f + n*a, -2 = -a - 3. Let j = f - 121. Is j a prime number?
True
Suppose -5*h - o = -340209, -3*h = -3*o - 254246 + 50135. Is h composite?
False
Let p(w) = -52380*w + 1301. Is p(-1) composite?
False
Suppose q + 1762 = -2*l, -4*l = 3*q - 0*l + 5286. Let f = q + 9417. Is f a prime number?
False
Let d(h) = -2331*h - 201. Is d(-10) a composite number?
True
Let l = -286 - 657. Suppose -3*u + 285 = -3*h - 285, 958 = -5*h + 3*u. Let k = h - l. Is k prime?
False
Let r(n) = 77*n**3 + n**2 - 11*n - 23. Let v(m) = 153*m**3 + m**2 - 21*m - 45. Let q(w) = 7*r(w) - 4*v(w). Is q(-4) a composite number?
True
Suppose -4*q - 157816 = -5*s, 0*q - 94672 = -3*s - 2*q. Suppose -9280 - s = -5*l. Suppose 2*o - 2*n - l = 0, 2*n + 7931 - 28344 = -5*o. Is o prime?
False
Let s(h) = 79*h**2 + 4*h - 1. Let i be (-90)/(-20) - 2/4. Suppose -7*t - 2*p = -2*t + 20, i*t - 2*p = 2. Is s(t) a composite number?
False
Is (-3 - 0) + 1766175 + 27 + 2 a prime number?
True
Let t = -145 + 150. Suppose -2829 = -d - 2*s + 2424, -4*d = -t*s - 21064. Is d a prime number?
True
Let y = 34 + -29. Suppose 2*k + 75 = -y*s - 123, -s = k + 99. Let x = 212 + k. Is x composite?
False
Let d(v) = 149*v**2 - 6*v + 3. Suppose 0*r = -2*r - 3*h + 21, 45 = 2*r - 5*h. Let q = r + -13. Is d(q) composite?
False
Let c(q) = 60858*q**2 - 271*q + 272. Is c(1) a composite number?
False
Let v = 176894 + -112435. Is v prime?
False
Suppose z = -4*o + 89675, 5*o - 194192 = -3*z + 74875. Is z a prime number?
False
Let k(u) = -63*u - 22. Let r(a) = -126*a - 43. Let g(v) = 5*k(v) - 3*r(v). Let j be g(7). Let n = -249 + j. Is n a composite number?
False
Suppose 4*u - 5838324 = -2*z, -2*z - 3796635 = -2*u - 877461. Is u a prime number?
True
Let h be 18/18 - (-2 - 0 - 11). Let m(d) = 19*d**2 - 18*d + 159. Is m(h) composite?
False
Let k(b) = -6 + 3 + 4*b**3 + 7 - 4*b**2 + 3*b. Is k(5) prime?
True
Let o(w) be the second derivative of 117*w**4/2 - 6*w**3 - 5*w**2/2 + 8*w + 6. Is o(-3) a prime number?
True
Suppose -6*o + 99 = 111. Is (-1 - o)/(((-3)/(-1))/22941) prime?
False
Let t(o) be the second derivative of 17*o**7/2520 + o**6/144 + o**5/120 - o**4/12 + 4*o. Let l(p) be the third derivative of t(p). Is l(5) a composite number?
True
Is -315089*(-2)/2 - ((13 - 20) + 13) a composite number?
False
Let n be 6/7*210/60. Suppose q - 5*o + 0*o + n = 0, 3*q - 17 = 2*o. Let r(t) = 47*t + 2. Is r(q) a prime number?
True
Is (1 + -247580)/(272 + -273) composite?
False
Let u(n) = 280*n**3 - 3*n**2 + 9*n - 11. Is u(9) prime?
True
Suppose 6*g - 35955 - 90813 = 0. Is 7/(28/g) - (1 - -2) composite?
False
Is (-2)/(6/(-21) + (28075776/16377928)/6) prime?
False
Suppose 25 = u + 22. Suppose u*j = 9 + 6. Suppose -231 = j*h - 8*h. Is h a prime number?
False
Suppose -8*i + 6*i = -3*s - 74053, 0 = 2*i - 5*s - 74051. Let k = i - 25435. Is k composite?
False
Let a(f) = 639*f**2 + 3*f - 5. Let z be a(2). Suppose 4*w - z = -3*k, 4*k + 915 = -w + 4346. Is k a composite number?
False
Suppose 19 + 1 = 5*r, -4*j - 5*r = -946032. Is j a prime number?
True
Let l(p) = 3*p**3 + 86*p**2 + 43*p - 85. Is l(48) prime?
False
Suppose -4*a + 3*k = -8, 2*a - 3*a - k + 9 = 0. Suppose -2*q - 26229 = -5*i, -10*q = -a*q + 10. Is i a composite number?
True
Let g(k) be the third derivative of 1133*k**5/60 - 23*k**4/24 - 59*k**3/6 + 9*k**2. Is g(-3) a composite number?
True
Suppose -1421 = 4*c - 5*y, 4*c - 3*y = -107 - 1304. Let r = c + 1026. Is r a prime number?
True
Let v be 1 + 3 - (0 + 70). Let m = v - -61. Let k(i) = -10*i**3 + 9*i + 8. Is k(m) a composite number?
False
Let g = 51810 + -28849. Is g a prime number?
True
Suppose 2*c - 10944 = 2*n, -4*c + 7*n = 2*n - 21884. Let y = 1855 + c. Is y prime?
True
Let a = 128 + -123. Suppose 2*y = 4*m + y - 3161, 5*y = a*m - 3940. Is m composite?
True
Let p(b) = -1209*b**3 + 438*b + 0*b**2 - 437*b + b**2. Let c be p(-1). Suppose -317 = 2*w - c. Is w a prime number?
False
Let g be 4 + 0*5/(-15). Let x(w) = 4*w**2 + 6*w + 1. Let m be x(g). Suppose -2*s = -10, -4*s - m - 45 = -2*p. Is p a prime number?
False
Let j be (30044/16)/(4/16). Suppose j = 3*k + 2621. Suppose 4*b = 2*c + 6490, -5*b + 6*b - 3*c = k. Is b composite?
False
Let h be 5/(-1) - (-6 + -8 - -6). Is (h/6)/((-19)/(-4978)) a composite number?
False
Suppose 0 = 4*a + p - 295254, a = -a - 3*p + 147632. Is a prime?
False
Let d be ((-6)/(-9))/((4/69)/(-2)). Let g = 356 - d. Is g a prime number?
True
Let h = -8896 - -15285. Is h composite?
False
Let p = 1715 + 589. Let q = 3803 - p. Is q composite?
False
Let i = -100 + 103. Suppose 3*d - 2*z = 9669, -3 = i*z + 6. Is d composite?
False
Suppose 0 = -47*g + 7412199 - 467526. Is g a composite number?
True
Let y = 997 - 992. Suppose 29264 = h + y*u, 9*h - 146346 = 4*h + u. Is h a prime number?
True
Suppose 5 + 11 = -4*i, 2*l - 4*i - 9812 = 0. Let w = l + -2228. Suppose -4*u + u - t = -2682, -3*u + 3*t = -w. Is u a composite number?
True
Let h(j) = -2*j**2 - 21*j - 6. Let n be h(-10). Suppose t + 5*o = 1876, n + 8 = 4*o. Is t a composite number?
False
Let g = 387403 - 180134. Is g a composite number?
False
Let a(f) = -13698*f**3 - 10*f**2 - 15*f - 7. Is a(-2) a prime number?
True
Let s = -711 + 722. Suppose -k = -s*k + 1570. Is k a composite number?
False
Let n(j) be the third derivative of -7*j**4/3 - 19*j**3/6 - j**2. Let i = -21775 + 21768. Is n(i) a composite number?
False
Let q(k) be the third derivative of k**8/252 - k**7/630 + k**6/144 - 4*k**5/15 - 14*k**2. Let u(o) be the third derivative of q(o). Is u(4) a prime number?
False
Let x(l) = 44*l - 3. Let c be x(-7). Let y be 5434/9 + ((-188)/(-36) - 5). Let a = y + c. Is a composite?
False
Suppose -m = -5*m + 8656. Suppose 0 = -4*f - m + 12660. Suppose w - f = -103. Is w a prime number?
True
Let z(c) = -31*c + 28. Let k(g) = 61*g - 59. Let n(i) = 4*k(i) + 9*z(i). Is n(-15) a composite number?
False
Let k(x) = -2*x**3 + 302*x**2 + 74*x - 723. Is k(137) prime?
False
Let s = -33 - 1254. Let j = 558 + s. Let t = 1216 + j. Is t a prime number?
True
Suppose 0 = -g - 3, -76811 = -7*a + 2*a - 3*g. Suppose 5131 + a = 5*r. Is r a composite number?
False
Suppose 0 = 15*w - 10*w - 7240. Suppose -s + 4*n = 730, 4*s + w + 1532 = n. Let b = s - -2089. Is b composite?
True
Let j(w) = -3*w + 5. Let x be j(4). Let g(t) = t**3 + 9*t**2 + 17*t + 4. Let z be g(x). Is (17 - 15) + (0 - z)*25 a prime number?
False
Let d(s) = -10328*s**3 - 2*s**2 - 22*s - 23. Is d(-2) composite?
True
Let o = -4025 + 2610. Let m be 2378 - 6*(4 - (-28)/(-6)). Let h = o + m. Is h prime?
True
Suppose 9*f + 162 = 3*f. Let p = -24 - f. Suppose -282 = -5*z - p*u, -4*u + 0 - 4 = 0. Is z composite?
True
Let c = -10684 + -9584. Let a = 32779 + c. Is a composite?
False